{"id":127,"date":"2023-05-23T12:35:56","date_gmt":"2023-05-23T16:35:56","guid":{"rendered":"https:\/\/mtlprimelimos.com\/en-cours-de-realisation\/"},"modified":"2023-06-22T02:47:20","modified_gmt":"2023-06-22T06:47:20","slug":"en-cours-de-realisation","status":"publish","type":"page","link":"https:\/\/mtlprimelimos.com\/fr\/en-cours-de-realisation\/","title":{"rendered":"En cours de r\u00e9alisation"},"content":{"rendered":"<p>[et_pb_section fb_built=\u00a0\u00bb1&Prime; _builder_version=\u00a0\u00bb4.21.0&Prime; _module_preset=\u00a0\u00bbdefault\u00a0\u00bb background_color=\u00a0\u00bb#0a0a0a\u00a0\u00bb height=\u00a0\u00bb100%\u00a0\u00bb global_colors_info=\u00a0\u00bb{}\u00a0\u00bb][et_pb_row _builder_version=\u00a0\u00bb4.21.0&Prime; _module_preset=\u00a0\u00bbdefault\u00a0\u00bb global_colors_info=\u00a0\u00bb{}\u00a0\u00bb][et_pb_column type=\u00a0\u00bb4_4&Prime; _builder_version=\u00a0\u00bb4.21.0&Prime; _module_preset=\u00a0\u00bbdefault\u00a0\u00bb global_colors_info=\u00a0\u00bb{}\u00a0\u00bb][et_pb_image src=\u00a0\u00bbhttps:\/\/mtlprimelimos.com\/wp-content\/uploads\/2023\/05\/MTLPrimeLimos-Logo-Transaprent-1200&#215;600-1.png\u00a0\u00bb alt=\u00a0\u00bbMTL Prime Limos\u00a0\u00bb title_text=\u00a0\u00bbMTL Prime Limos\u00a0\u00bb _builder_version=\u00a0\u00bb4.21.0&Prime; _module_preset=\u00a0\u00bbdefault\u00a0\u00bb global_colors_info=\u00a0\u00bb{}\u00a0\u00bb][\/et_pb_image][et_pb_button button_url=\u00a0\u00bbtel:+18449754667&Prime; button_text=\u00a0\u00bbAppelez maintenant 1-844-97-LIMOS\u00a0\u00bb button_alignment=\u00a0\u00bbcenter\u00a0\u00bb _builder_version=\u00a0\u00bb4.21.0&Prime; _module_preset=\u00a0\u00bbc12a6c4f-b83c-4faf-927f-556a5b8d40f6&Prime; custom_button=\u00a0\u00bbon\u00a0\u00bb button_text_color=\u00a0\u00bb#9e1111&Prime; custom_margin_tablet=\u00a0\u00bb8px||-30px||false|false\u00a0\u00bb custom_margin_phone=\u00a0\u00bb8px||-30px||false|false\u00a0\u00bb custom_margin_last_edited=\u00a0\u00bbon|phone\u00a0\u00bb custom_padding=\u00a0\u00bb||||false|false\u00a0\u00bb global_module=\u00a0\u00bb12&Prime; saved_tabs=\u00a0\u00bball\u00a0\u00bb global_colors_info=\u00a0\u00bb{}\u00a0\u00bb][\/et_pb_button][et_pb_divider color=\u00a0\u00bb#FFFFFF\u00a0\u00bb divider_style=\u00a0\u00bbinset\u00a0\u00bb _builder_version=\u00a0\u00bb4.21.0&Prime; _module_preset=\u00a0\u00bbdefault\u00a0\u00bb custom_padding=\u00a0\u00bb53px||||false|false\u00a0\u00bb global_colors_info=\u00a0\u00bb{}\u00a0\u00bb][\/et_pb_divider][et_pb_text _builder_version=\u00a0\u00bb4.21.0&Prime; _module_preset=\u00a0\u00bbdefault\u00a0\u00bb header_text_align=\u00a0\u00bbcenter\u00a0\u00bb global_colors_info=\u00a0\u00bb{}\u00a0\u00bb]<\/p>\n<h1>Service de limousine ex\u00e9cutive de Montr\u00e9al<\/h1>\n<p>[\/et_pb_text][et_pb_text _builder_version=\u00a0\u00bb4.21.0&Prime; _module_preset=\u00a0\u00bbdefault\u00a0\u00bb text_orientation=\u00a0\u00bbcenter\u00a0\u00bb global_colors_info=\u00a0\u00bb{}\u00a0\u00bb]<\/p>\n<p>Faites l&rsquo;exp\u00e9rience du service haut de gamme que seul un <a href=\"https:\/\/mtlprimelimos.com\/fr\/services-de-chauffeurs-professionnels\/\">chauffeur<\/a> priv\u00e9 peut vous offrir &#8211; que vous rentriez de l&rsquo;a\u00e9roport \u00e0 votre h\u00f4tel, que vous utilisiez notre service pour une soir\u00e9e en ville ou que vous fassiez simplement appel \u00e0 nous pour vous conduire \u00e0 plusieurs endroits au cours d&rsquo;une journ\u00e9e bien remplie !<\/p>\n<p>[\/et_pb_text][\/et_pb_column][\/et_pb_row][\/et_pb_section]<\/p>\n","protected":false},"excerpt":{"rendered":"<p>Service de limousine ex\u00e9cutive de Montr\u00e9alFaites l&rsquo;exp\u00e9rience du service haut de gamme que seul un chauffeur priv\u00e9 peut vous offrir &#8211; que vous rentriez de l&rsquo;a\u00e9roport \u00e0 votre h\u00f4tel, que vous utilisiez notre service pour une soir\u00e9e en ville ou que vous fassiez simplement appel \u00e0 nous pour vous conduire \u00e0 plusieurs endroits au cours&hellip; <a class=\"continue\" href=\"https:\/\/mtlprimelimos.com\/fr\/en-cours-de-realisation\/\">Continue Reading<span> En cours de r\u00e9alisation<\/span><\/a><\/p>\n","protected":false},"author":1,"featured_media":91,"parent":0,"menu_order":0,"comment_status":"closed","ping_status":"closed","template":"","meta":{"_acf_changed":false,"_et_pb_use_builder":"on","_et_pb_old_content":"","_et_gb_content_width":"","footnotes":""},"wf_page_folders":[],"class_list":["post-127","page","type-page","status-publish","has-post-thumbnail","hentry"],"acf":[],"_links":{"self":[{"href":"https:\/\/mtlprimelimos.com\/fr\/wp-json\/wp\/v2\/pages\/127","targetHints":{"allow":["GET"]}}],"collection":[{"href":"https:\/\/mtlprimelimos.com\/fr\/wp-json\/wp\/v2\/pages"}],"about":[{"href":"https:\/\/mtlprimelimos.com\/fr\/wp-json\/wp\/v2\/types\/page"}],"author":[{"embeddable":true,"href":"https:\/\/mtlprimelimos.com\/fr\/wp-json\/wp\/v2\/users\/1"}],"replies":[{"embeddable":true,"href":"https:\/\/mtlprimelimos.com\/fr\/wp-json\/wp\/v2\/comments?post=127"}],"version-history":[{"count":10,"href":"https:\/\/mtlprimelimos.com\/fr\/wp-json\/wp\/v2\/pages\/127\/revisions"}],"predecessor-version":[{"id":1555,"href":"https:\/\/mtlprimelimos.com\/fr\/wp-json\/wp\/v2\/pages\/127\/revisions\/1555"}],"wp:featuredmedia":[{"embeddable":true,"href":"https:\/\/mtlprimelimos.com\/fr\/wp-json\/wp\/v2\/media\/91"}],"wp:attachment":[{"href":"https:\/\/mtlprimelimos.com\/fr\/wp-json\/wp\/v2\/media?parent=127"}],"wp:term":[{"taxonomy":"wf_page_folders","embeddable":true,"href":"https:\/\/mtlprimelimos.com\/fr\/wp-json\/wp\/v2\/wf_page_folders?post=127"}],"curies":[{"name":"wp","href":"https:\/\/api.w.org\/{rel}","templated":true}]}}

En cours de réalisation

<p>[et_pb_section fb_built= »1&Prime; _builder_version= »4.21.0&Prime; _module_preset= »default » background_color= »#0a0a0a » height= »100% » global_colors_info= »{} »][et_pb_row _builder_version= »4.21.0&Prime; _module_preset= »default » global_colors_info= »{} »][et_pb_column type= »4_4&Prime; _builder_version= »4.21.0&Prime; _module_preset= »default » global_colors_info= »{} »][et_pb_image src= »https://mtlprimelimos.com/wp-content/uploads/2023/05/MTLPrimeLimos-Logo-Transaprent-1200&#215;600-1.png » alt= »MTL Prime Limos » title_text= »MTL Prime Limos » _builder_version= »4.21.0&Prime; _module_preset= »default » global_colors_info= »{} »][/et_pb_image][et_pb_button button_url= »tel:+18449754667&Prime; button_text= »Appelez maintenant 1-844-97-LIMOS » button_alignment= »center » _builder_version= »4.21.0&Prime; _module_preset= »c12a6c4f-b83c-4faf-927f-556a5b8d40f6&Prime; custom_button= »on » button_text_color= »#9e1111&Prime; custom_margin_tablet= »8px||-30px||false|false » custom_margin_phone= »8px||-30px||false|false » custom_margin_last_edited= »on|phone » custom_padding= »||||false|false » global_module= »12&Prime; saved_tabs= »all » global_colors_info= »{} »][/et_pb_button][et_pb_divider color= »#FFFFFF » divider_style= »inset » _builder_version= »4.21.0&Prime; _module_preset= »default » custom_padding= »53px||||false|false » global_colors_info= »{} »][/et_pb_divider][et_pb_text _builder_version= »4.21.0&Prime; _module_preset= »default » header_text_align= »center » global_colors_info= »{} »]</p>
<h1>Service de limousine exécutive de Montréal</h1>
<p>[/et_pb_text][et_pb_text _builder_version= »4.21.0&Prime; _module_preset= »default » text_orientation= »center » global_colors_info= »{} »]</p>
<p>Faites l&rsquo;expérience du service haut de gamme que seul un <a href="https://mtlprimelimos.com/fr/services-de-chauffeurs-professionnels/">chauffeur</a> privé peut vous offrir &#8211; que vous rentriez de l&rsquo;aéroport à votre hôtel, que vous utilisiez notre service pour une soirée en ville ou que vous fassiez simplement appel à nous pour vous conduire à plusieurs endroits au cours d&rsquo;une journée bien remplie !</p>
<p>[/et_pb_text][/et_pb_column][/et_pb_row][/et_pb_section]</p>

<p>Service de limousine exécutive de MontréalFaites l&rsquo;expérience du service haut de gamme que seul un chauffeur privé peut vous offrir &#8211; que vous rentriez de l&rsquo;aéroport à votre hôtel, que vous utilisiez notre service pour une soirée en ville ou que vous fassiez simplement appel à nous pour vous conduire à plusieurs endroits au cours&hellip; <a class="continue" href="https://mtlprimelimos.com/fr/en-cours-de-realisation/">Continue Reading<span> En cours de réalisation</span></a></p>
